{"id":442,"date":"2016-01-16T11:39:12","date_gmt":"2016-01-16T10:39:12","guid":{"rendered":"http:\/\/www.galettinteriors.com\/de\/?page_id=442"},"modified":"2020-12-30T10:39:30","modified_gmt":"2020-12-30T09:39:30","slug":"kollektion","status":"publish","type":"page","link":"https:\/\/www.galettinteriors.com\/de\/kollektion","title":{"rendered":"Kollektion"},"content":{"rendered":"<h1 class=\"displayname\">Kollektion<\/h1>\n<h2><strong><span style=\"color: #bd0a27;\">Qualit\u00e4tsm\u00f6bel und Einrichtungsgegenst\u00e4nde in S\u00fcdtirol<\/span><\/strong><\/h2>\n<p>Bevor es ein Produkt in unser Sortiment schafft,\u00a0<strong>pr\u00fcfen wir es mit all unserem Wissen und all unserer Erfahrung.<\/strong><\/p>\n<p>Galetti Interiors ist daher nicht nur eine Verkaufsstelle, sondern eine Qualit\u00e4tsgarantie.<\/p>\n<p>F\u00fcr diese stehen wir mit unserem Namen.<\/p>\n<h2><strong>Wie w\u00e4hlt man ein hochwertiges M\u00f6belst\u00fcck aus?<\/strong><\/h2>\n<p>Die Auswahl eines Produktes beginnt damit, dass der\u00a0<strong>Planungs- und Herstellungsprozess unter die Lupe genommen<\/strong>\u00a0wird.<\/p>\n<p>Dabei kommt uns nat\u00fcrlich unsere eigene Erfahrung in der Herstellung von M\u00f6beln zugute.<\/p>\n<p>So haben wir gelernt,\u00a0<strong>jedem Detail die n\u00f6tige Aufmerksamkeit zu schenken<\/strong>: den Profilen ebenso, wie der Mechanik, den Strukturen und den Feinarbeiten eines M\u00f6bels.<\/p>\n<p>Es sind dies grundlegende Aspekte, wenn es um\u00a0<strong>Funktionalit\u00e4t und Langlebigkeit eines M\u00f6bels<\/strong>\u00a0geht.<\/p>\n<p>Und genau das sind die Eigenschaften, die wir unseren Kunden garantieren wollen.<\/p>\n<h2><strong>\u00c4sthetik und Funktionalit\u00e4t der Ausstattung<\/strong><\/h2>\n<p>Es geht demnach um die Funktionalit\u00e4t eines M\u00f6bels, vor deren Hintergrund wir auch\u00a0<strong>\u00c4sthetik und Linien unserer Produkte pr\u00fcfen<\/strong>. Schlie\u00dflich ist\u00a0<strong>das beste Design jenes, das den praktischen Nutzen eines Objekts f\u00f6rdert<\/strong>.<\/p>\n<p>So haben wir in all den Jahren einen eigenen Stil entwickelt, der in unserem Sortiment wiederzuerkennen ist.<\/p>\n<p>Es ist\u00a0<strong>ein moderner Stil<\/strong>, der die neuesten Trends am Markt im Auge hat und diese oft sogar vorwegnimmt.<\/p>\n<div class=\"fusion-fullwidth fullwidth-box fusion-builder-row-1 hundred-percent-fullwidth non-hundred-percent-height-scrolling\" style=\"--awb-border-radius-top-left:0px;--awb-border-radius-top-right:0px;--awb-border-radius-bottom-right:0px;--awb-border-radius-bottom-left:0px;--awb-overflow:visible;--awb-flex-wrap:wrap;\" ><div class=\"fusion-builder-row fusion-row\"><div class=\"fusion-layout-column fusion_builder_column fusion-builder-column-0 fusion_builder_column_1_1 1_1 fusion-one-full fusion-column-first fusion-column-last fusion-column-no-min-height\" style=\"--awb-bg-size:cover;--awb-margin-bottom:0px;\"><div class=\"fusion-column-wrapper fusion-flex-column-wrapper-legacy\">[justified_image_grid ids=444,445,446,447,448,449,450,451,452,453,454,455,456,457,458,459,460,461,462,463,464,465,466,467,468,469,470,471,472,473,474,475 caption=off]<div class=\"fusion-clearfix\"><\/div><\/div><\/div><\/div><\/div>\n","protected":false},"excerpt":{"rendered":"<p> [&hellip;]<\/p>\n","protected":false},"author":1,"featured_media":0,"parent":0,"menu_order":0,"comment_status":"closed","ping_status":"closed","template":"","meta":{"footnotes":""},"yoast_head":"<!-- This site is optimized with the Yoast SEO plugin v21.2 - https:\/\/yoast.com\/wordpress\/plugins\/seo\/ -->\n<title>Kollektion Galetti arredamenti<\/title>\n<meta name=\"robots\" content=\"index, follow, max-snippet:-1, max-image-preview:large, max-video-preview:-1\" \/>\n<link rel=\"canonical\" href=\"https:\/\/www.galettinteriors.com\/de\/kollektion\" \/>\n<meta property=\"og:locale\" content=\"de_DE\" \/>\n<meta property=\"og:type\" content=\"article\" \/>\n<meta property=\"og:title\" content=\"Kollektion Galetti arredamenti\" \/>\n<meta property=\"og:description\" content=\"[&hellip;]\" \/>\n<meta property=\"og:url\" content=\"https:\/\/www.galettinteriors.com\/de\/kollektion\" \/>\n<meta property=\"og:site_name\" content=\"Galetti arredamenti\" \/>\n<meta property=\"article:modified_time\" content=\"2020-12-30T09:39:30+00:00\" \/>\n<meta name=\"twitter:card\" content=\"summary_large_image\" \/>\n<meta name=\"twitter:label1\" content=\"Gesch\u00e4tzte Lesezeit\" \/>\n\t<meta name=\"twitter:data1\" content=\"2\u00a0Minuten\" \/>\n<script type=\"application\/ld+json\" class=\"yoast-schema-graph\">{\"@context\":\"https:\/\/schema.org\",\"@graph\":[{\"@type\":\"WebPage\",\"@id\":\"https:\/\/www.galettinteriors.com\/de\/kollektion\",\"url\":\"https:\/\/www.galettinteriors.com\/de\/kollektion\",\"name\":\"Kollektion Galetti arredamenti\",\"isPartOf\":{\"@id\":\"https:\/\/www.galettinteriors.com\/#website\"},\"datePublished\":\"2016-01-16T10:39:12+00:00\",\"dateModified\":\"2020-12-30T09:39:30+00:00\",\"breadcrumb\":{\"@id\":\"https:\/\/www.galettinteriors.com\/de\/kollektion#breadcrumb\"},\"inLanguage\":\"de\",\"potentialAction\":[{\"@type\":\"ReadAction\",\"target\":[\"https:\/\/www.galettinteriors.com\/de\/kollektion\"]}]},{\"@type\":\"BreadcrumbList\",\"@id\":\"https:\/\/www.galettinteriors.com\/de\/kollektion#breadcrumb\",\"itemListElement\":[{\"@type\":\"ListItem\",\"position\":1,\"name\":\"Home\",\"item\":\"https:\/\/www.galettinteriors.com\/de\/home\"},{\"@type\":\"ListItem\",\"position\":2,\"name\":\"Kollektion\"}]},{\"@type\":\"WebSite\",\"@id\":\"https:\/\/www.galettinteriors.com\/#website\",\"url\":\"https:\/\/www.galettinteriors.com\/\",\"name\":\"Galetti arredamenti\",\"description\":\"\",\"potentialAction\":[{\"@type\":\"SearchAction\",\"target\":{\"@type\":\"EntryPoint\",\"urlTemplate\":\"https:\/\/www.galettinteriors.com\/?s={search_term_string}\"},\"query-input\":\"required name=search_term_string\"}],\"inLanguage\":\"de\"}]}<\/script>\n<!-- \/ Yoast SEO plugin. -->","yoast_head_json":{"title":"Kollektion Galetti arredamenti","robots":{"index":"index","follow":"follow","max-snippet":"max-snippet:-1","max-image-preview":"max-image-preview:large","max-video-preview":"max-video-preview:-1"},"canonical":"https:\/\/www.galettinteriors.com\/de\/kollektion","og_locale":"de_DE","og_type":"article","og_title":"Kollektion Galetti arredamenti","og_description":"[&hellip;]","og_url":"https:\/\/www.galettinteriors.com\/de\/kollektion","og_site_name":"Galetti arredamenti","article_modified_time":"2020-12-30T09:39:30+00:00","twitter_card":"summary_large_image","twitter_misc":{"Gesch\u00e4tzte Lesezeit":"2\u00a0Minuten"},"schema":{"@context":"https:\/\/schema.org","@graph":[{"@type":"WebPage","@id":"https:\/\/www.galettinteriors.com\/de\/kollektion","url":"https:\/\/www.galettinteriors.com\/de\/kollektion","name":"Kollektion Galetti arredamenti","isPartOf":{"@id":"https:\/\/www.galettinteriors.com\/#website"},"datePublished":"2016-01-16T10:39:12+00:00","dateModified":"2020-12-30T09:39:30+00:00","breadcrumb":{"@id":"https:\/\/www.galettinteriors.com\/de\/kollektion#breadcrumb"},"inLanguage":"de","potentialAction":[{"@type":"ReadAction","target":["https:\/\/www.galettinteriors.com\/de\/kollektion"]}]},{"@type":"BreadcrumbList","@id":"https:\/\/www.galettinteriors.com\/de\/kollektion#breadcrumb","itemListElement":[{"@type":"ListItem","position":1,"name":"Home","item":"https:\/\/www.galettinteriors.com\/de\/home"},{"@type":"ListItem","position":2,"name":"Kollektion"}]},{"@type":"WebSite","@id":"https:\/\/www.galettinteriors.com\/#website","url":"https:\/\/www.galettinteriors.com\/","name":"Galetti arredamenti","description":"","potentialAction":[{"@type":"SearchAction","target":{"@type":"EntryPoint","urlTemplate":"https:\/\/www.galettinteriors.com\/?s={search_term_string}"},"query-input":"required name=search_term_string"}],"inLanguage":"de"}]}},"_links":{"self":[{"href":"https:\/\/www.galettinteriors.com\/de\/wp-json\/wp\/v2\/pages\/442"}],"collection":[{"href":"https:\/\/www.galettinteriors.com\/de\/wp-json\/wp\/v2\/pages"}],"about":[{"href":"https:\/\/www.galettinteriors.com\/de\/wp-json\/wp\/v2\/types\/page"}],"author":[{"embeddable":true,"href":"https:\/\/www.galettinteriors.com\/de\/wp-json\/wp\/v2\/users\/1"}],"replies":[{"embeddable":true,"href":"https:\/\/www.galettinteriors.com\/de\/wp-json\/wp\/v2\/comments?post=442"}],"version-history":[{"count":5,"href":"https:\/\/www.galettinteriors.com\/de\/wp-json\/wp\/v2\/pages\/442\/revisions"}],"predecessor-version":[{"id":1441,"href":"https:\/\/www.galettinteriors.com\/de\/wp-json\/wp\/v2\/pages\/442\/revisions\/1441"}],"wp:attachment":[{"href":"https:\/\/www.galettinteriors.com\/de\/wp-json\/wp\/v2\/media?parent=442"}],"curies":[{"name":"wp","href":"https:\/\/api.w.org\/{rel}","templated":true}]}}

<h1 class="displayname">Kollektion</h1>
<h2><strong><span style="color: #bd0a27;">Qualitätsmöbel und Einrichtungsgegenstände in Südtirol</span></strong></h2>
<p>Bevor es ein Produkt in unser Sortiment schafft, <strong>prüfen wir es mit all unserem Wissen und all unserer Erfahrung.</strong></p>
<p>Galetti Interiors ist daher nicht nur eine Verkaufsstelle, sondern eine Qualitätsgarantie.</p>
<p>Für diese stehen wir mit unserem Namen.</p>
<h2><strong>Wie wählt man ein hochwertiges Möbelstück aus?</strong></h2>
<p>Die Auswahl eines Produktes beginnt damit, dass der <strong>Planungs- und Herstellungsprozess unter die Lupe genommen</strong> wird.</p>
<p>Dabei kommt uns natürlich unsere eigene Erfahrung in der Herstellung von Möbeln zugute.</p>
<p>So haben wir gelernt, <strong>jedem Detail die nötige Aufmerksamkeit zu schenken</strong>: den Profilen ebenso, wie der Mechanik, den Strukturen und den Feinarbeiten eines Möbels.</p>
<p>Es sind dies grundlegende Aspekte, wenn es um <strong>Funktionalität und Langlebigkeit eines Möbels</strong> geht.</p>
<p>Und genau das sind die Eigenschaften, die wir unseren Kunden garantieren wollen.</p>
<h2><strong>Ästhetik und Funktionalität der Ausstattung</strong></h2>
<p>Es geht demnach um die Funktionalität eines Möbels, vor deren Hintergrund wir auch <strong>Ästhetik und Linien unserer Produkte prüfen</strong>. Schließlich ist <strong>das beste Design jenes, das den praktischen Nutzen eines Objekts fördert</strong>.</p>
<p>So haben wir in all den Jahren einen eigenen Stil entwickelt, der in unserem Sortiment wiederzuerkennen ist.</p>
<p>Es ist <strong>ein moderner Stil</strong>, der die neuesten Trends am Markt im Auge hat und diese oft sogar vorwegnimmt.</p>
<div class="fusion-fullwidth fullwidth-box fusion-builder-row-1 hundred-percent-fullwidth non-hundred-percent-height-scrolling" style="--awb-border-radius-top-left:0px;--awb-border-radius-top-right:0px;--awb-border-radius-bottom-right:0px;--awb-border-radius-bottom-left:0px;--awb-overflow:visible;--awb-flex-wrap:wrap;" ><div class="fusion-builder-row fusion-row"><div class="fusion-layout-column fusion_builder_column fusion-builder-column-0 fusion_builder_column_1_1 1_1 fusion-one-full fusion-column-first fusion-column-last fusion-column-no-min-height" style="--awb-bg-size:cover;--awb-margin-bottom:0px;"><div class="fusion-column-wrapper fusion-flex-column-wrapper-legacy">[justified_image_grid ids=444,445,446,447,448,449,450,451,452,453,454,455,456,457,458,459,460,461,462,463,464,465,466,467,468,469,470,471,472,473,474,475 caption=off]<div class="fusion-clearfix"></div></div></div></div></div>

<!-- This site is optimized with the Yoast SEO plugin v21.2 - https://yoast.com/wordpress/plugins/seo/ -->
<title>Kollektion Galetti arredamenti</title>
<meta name="robots" content="index, follow, max-snippet:-1, max-image-preview:large, max-video-preview:-1" />
<link rel="canonical" href="https://www.galettinteriors.com/de/kollektion" />
<meta property="og:locale" content="de_DE" />
<meta property="og:type" content="article" />
<meta property="og:title" content="Kollektion Galetti arredamenti" />
<meta property="og:description" content="[&hellip;]" />
<meta property="og:url" content="https://www.galettinteriors.com/de/kollektion" />
<meta property="og:site_name" content="Galetti arredamenti" />
<meta property="article:modified_time" content="2020-12-30T09:39:30+00:00" />
<meta name="twitter:card" content="summary_large_image" />
<meta name="twitter:label1" content="Geschätzte Lesezeit" />
	<meta name="twitter:data1" content="2 Minuten" />
<script type="application/ld+json" class="yoast-schema-graph">{"@context":"https://schema.org","@graph":[{"@type":"WebPage","@id":"https://www.galettinteriors.com/de/kollektion","url":"https://www.galettinteriors.com/de/kollektion","name":"Kollektion Galetti arredamenti","isPartOf":{"@id":"https://www.galettinteriors.com/#website"},"datePublished":"2016-01-16T10:39:12+00:00","dateModified":"2020-12-30T09:39:30+00:00","breadcrumb":{"@id":"https://www.galettinteriors.com/de/kollektion#breadcrumb"},"inLanguage":"de","potentialAction":[{"@type":"ReadAction","target":["https://www.galettinteriors.com/de/kollektion"]}]},{"@type":"BreadcrumbList","@id":"https://www.galettinteriors.com/de/kollektion#breadcrumb","itemListElement":[{"@type":"ListItem","position":1,"name":"Home","item":"https://www.galettinteriors.com/de/home"},{"@type":"ListItem","position":2,"name":"Kollektion"}]},{"@type":"WebSite","@id":"https://www.galettinteriors.com/#website","url":"https://www.galettinteriors.com/","name":"Galetti arredamenti","description":"","potentialAction":[{"@type":"SearchAction","target":{"@type":"EntryPoint","urlTemplate":"https://www.galettinteriors.com/?s={search_term_string}"},"query-input":"required name=search_term_string"}],"inLanguage":"de"}]}</script>
<!-- / Yoast SEO plugin. -->
